 0*z + 0*z + 2*z. Let t(x) = x. Let j be t(5). Calculate n(j).
-5
Let n(z) = -z + 1. Let i(r) = -r**3 + 2*r**2 + 3*r - 2. Let d be i(2). Suppose -h - 3*h - d = 0. What is n(h)?
2
Let w(n) = -3*n - 1. Let j(d) = -3*d - 1. Let x(c) = 3*j(c) - 2*w(c). Let b = 466 - 463. Determine x(b).
-10
Let u(l) = 6*l**2 - l. Let c be u(1). Let g(f) be the first derivative of f**3/3 - 5*f**2/2 + 2*f - 34. Determine g(c).
2
Let q(k) = 2*k - 4. Let x = -5 + -1. Let y be ((-5)/10)/(1/x). What is q(y)?
2
Let y(k) be the first derivative of k**4/4 - 2*k**3/3 - k**2 + k + 5. Give y(2).
-3
Let g(m) = m + 5. Let p = 6 + -13. Let n be g(p). Let x(f) = f**3 + 2*f**2 + 3*f + 3. Determine x(n).
-3
Let f(s) = -s**3 + 1. Let o(c) = -7*c**3 - 5*c**2 - 1. Let j(z) = -6*f(z) + o(z). Calculate j(-5).
-7
Let f be (-21)/(-2) + (-1)/2. Suppose 5*i = -f - 10. Let w(s) = -5*s**2 + 2*s**3 - 3*s**3 - 3*s**3 - 4 - 7*s + 3*s**3. Determine w(i).
8
Let q(o) = o + 4. Let p = 4 + -2. Suppose p*w = -3*v - 8, 3*w + 20 = -2*w. What is q(v)?
4
Let i(c) = 4*c + 2. Let b = -10 - -6. What is i(b)?
-14
Let u(a) = -a**3 + a**2 - a. Let c be 7/(-4) - (-1)/(-4). Give u(c).
14
Let z(p) = -p**3 - 4*p**2 + 5*p + 5. Let u be 33/(-7) + 18/(-63). Determine z(u).
5
Let x(v) = -4*v**3 - v**2 - 2*v - 1. Let s = 26 + -13. Let n be (-15)/s + 2/13. Give x(n).
4
Suppose -2*k + 16 = 5*d, -6*k + 23 = 4*d - k. Suppose -2*j - m + 11 = 2*j, 4*j = 2*m + 2. Let s(h) = -2*h + 3*h**j + 3 - 10 + 5. What is s(d)?
6
Suppose -3*c + 4 = 22. Let u(f) be the third derivative of f**5/60 + f**4/6 - f**3 - 3*f**2. Calculate u(c).
6
Let w(s) be the first derivative of 9*s**2/2 - 14. Give w(-1).
-9
Let s(q) = -q**3 + 3*q**2 + 3*q - 2. Let m = -3 + 3. Suppose -f + 4 + 8 = m. Let t be (0 - (-2)/6)*f. Determine s(t).
-6
Let h(r) = -9*r**2 - 5 - 2 + 7*r + 2*r**2. Let f(t) = 20*t**2 - 20*t + 21. Let l(m) = -6*f(m) - 17*h(m). Suppose -20 = 5*g, 7*o - 2*g - 8 = 2*o. Determine l(o).
-7
Let c(r) = -r - 1. Let t(s) = 2*s**2 + 4*s. Let d be t(-3). Let w be 1/((-3)/(d/2)). Give c(w).
0
Let v(p) = 0*p + 11 + p**2 + 10 - 15 - 4*p. Let n be 4/1 - (1 + -1). Determine v(n).
6
Let b(i) = i**3 + 18*i**2 - 13*i**2 - 2*i**3 + 8*i - 7. Let m(q) = -6*q - 6. Let d be m(-4). Suppose -3*p + 0 + d = 0. Calculate b(p).
5
Let g be (-70)/(-14)*(-6)/(-5). Let x(n) = -n**2 + 7*n + 1. What is x(g)?
7
Let m(y) = -y - 2. Let z be m(-7). Suppose -2 = z*j + u, u = -5*j + 3*u + 4. Suppose -4*o + 0*o + 16 = j. Let l(n) = -n + 7. What is l(o)?
3
Let w(q) = q**2 + 6*q + 7. Let u(j) be the first derivative of -j**4/4 - j**3 + j**2 - 3. Let c be u(-3). Determine w(c).
7
Suppose 0*m = -5*m + 20. Let g(n) = n**3 - 4*n**2 + 2*n - 3. Calculate g(m).
5
Let c(b) = 3*b**2 + 6*b - 4. Let z(u) = u**2 - u - 1. Let p(s) = -7*s**2 - 3*s + 7. Let v(g) = -p(g) - 3*z(g). Let r(d) = -5*c(d) + 4*v(d). Give r(4).
-4
Suppose -16 = -b + 6*b - 2*s, -2*s = -4*b - 12. Let n be 2/7 + 24/14. Let q(u) = 3 - 4 + n*u - u. Determine q(b).
-5
Let i(k) be the third derivative of -k**7/840 + k**6/72 - k**5/60 - 5*k**4/24 - k**3/3 + 3*k**2. Let d(p) be the first derivative of i(p). Give d(4).
3
Suppose -4 = -2*f + 2*y, 6 = -3*f + 7*f - 3*y. Let q(z) = 5*z + 5*z**2 + f*z**2 - 5*z**2 - z**2. What is q(4)?
4
Let u be (-1)/28 + 14/49. Let r(v) be the first derivative of -v + u*v**4 - 5/3*v**3 + 1/2*v**2 + 1. What is r(5)?
4
Let p = 9 - 3. Let c(f) = 5*f**3 + 8 - 2*f**3 - 4*f**3 - 7*f + 7*f**2. Give c(p).
2
Let d(i) = i - 2. Let a be (21 + 4)/(4 - 3). Suppose 3*c - 8*c = -a. Determine d(c).
3
Let c(f) = f**2 + 5*f + 6. Suppose h + 8 = o, 3*o - 30 = 3*h - 2*o. Calculate c(h).
6
Let o(w) = 4*w - 6. Let y(a) = -4*a + 7. Let v(p) = -5*o(p) - 4*y(p). Determine v(2).
-6
Let x = 6 - 5. Let d = 0 - -2. Let t(h) = -h**2 + 1 + h + 2*h**2 - d. Calculate t(x).
1
Suppose -v = 2*v - 6. Let s(w) = -8*w**2 - 5. Let h(z) be the first derivative of 3*z**3 + 6*z + 1. Let o(n) = -6*h(n) - 7*s(n). Give o(v).
7
Let y = -3 - -8. Let l(j) = -6*j + y + 0 - 3 + 5*j. Let t be (1 - 2)/((-1)/(-4)). Calculate l(t).
6
Suppose -2*b - 3*b + 20 = 0. Let u(c) = 7 - 3 - 5*c + b*c. Calculate u(-3).
7
Let j(r) = 2*r + 1. Let k(h) = -h**2 + 6*h - 3. Let p be -1 + 0 - 10/(-2). Suppose -2 = m + 4*c + 4, 0 = -p*c - 12. Let x be k(m). Calculate j(x).
-5
Suppose 0 = -0*c + 4*c + 12, -2*c = -s + 7. Let y(m) = 10*m**2 - 4. Let n(f) = -10*f**2 + 3. Let q(a) = -3*n(a) - 2*y(a). What is q(s)?
9
Let a(q) = q**3 + 3*q**2 - 4*q. Suppose 4*z - 3*z + 4 = 0. Let t be a(z). Let c(p) be the first derivative of p**2/2 - 1. What is c(t)?
0
Let b(j) = j**2 - 4*j + 5. Let f(o) = -o**3 - 8*o**2 - 8*o + 9. Let m be f(-7). Suppose 3*u = -u + m. Calculate b(u).
5
Let t(n) be the first derivative of -n**4/4 + n**3/3 + 3*n**2/2 + 2*n - 22. Calculate t(3).
-7
Suppose -3*c + 26 = 5*f, -c + 2*f - 14 = -2*f. Let w(v) = -6*v. Give w(c).
-12
Let z be ((-6)/(-4) - 2)*-6. Let v(r) = -4 + r**2 - r - 2*r - z*r. What is v(6)?
-4
Let z(s) be the third derivative of s**6/120 + s**4/24 + 2*s**3 - 3*s**2. Give z(0).
12
Let q(y) = y**3 + 2*y**2 + 3*y. Let w(r) = -r. Let o be w(2). Calculate q(o).
-6
Let w be (-3)/(-1)*4/3. Let m(r) = -1 - w - 2*r**2 + 2 - 4*r - r. What is m(-4)?
-15
Let b(z) = 3*z**2 + z. Let y(x) = -x**2 - x + 1. Let t(v) = -3*v**2 - 2*v. Let d(a) = -t(a) + y(a). Let w(m) = -3*b(m) + 4*d(m). Give w(3).
-2
Let n(c) be the third derivative of c**6/60 + c**5/30 + c**4/8 - c**2. Suppose 34*j + 45 = -23. What is n(j)?
-14
Let c(v) = -2*v**2 + 2*v - 1. Suppose -8 = -2*a - x, 0 = -a - 4*x + 19 - 1. Let k be c(a). Let w(z) = 2*z + 4. Determine w(k).
-6
Let h be ((-4)/(-6))/(6/45). Let m be h/(-3) - (-2)/(-6). Let f(w) = 2*w**2 + 4*w + 2. Give f(m).
2
Let w(n) = -3*n**2 + 3*n + 14*n**2 - 12*n**2 + 0 - 4. Calculate w(5).
-14
Let y = 0 - 0. Let r(x) = y*x - 3*x + 0 + 0. Calculate r(-2).
6
Let u(r) = r**3 - r**2 - 3*r + 1. Let a be 1 - 1*((-8)/4)/2. What is u(a)?
-1
Let g(x) = 7*x**2 - 4*x - 2*x**2 + 5*x. What is g(-1)?
4
Let w(x) = -x**2 - x. Let l(v) be the second derivative of -v**5/20 + v**4/2 + 2*v**3/3 + 3*v**2/2 + 3*v. Let z(p) = -l(p) - 6*w(p). Give z(2).
9
Let a(v) = v + 6. Let x be 2/4*-6*(-4)/(-3). Determine a(x).
2
Let t be (1 - -2) + 4 + -7. Let h(w) = w - 1. Let k(s) = 4*s. Let b(j) = -3*h(j) + k(j). Determine b(t).
3
Suppose -5*u = 5*a - 2*u + 55, -4*a = 3*u + 47. Let m(j) = j**3 + 9*j**2 + 5*j + 4. Determine m(a).
28
Suppose k - 2*q - 2 - 9 = 0, -k = -5*q - 26. Let z be (2 + -2)*1/k. Let f(x) = -x**3 - x**2 - x - 7. What is f(z)?
-7
Let a(h) be the first derivative of -5*h + 4 + 3/2*h**2. Give a(5).
10
Let i(r) = -r**2 - 3*r + 6. Let x = 6 + -11. Determine i(x).
-4
Let t(g) = -g**3 + 4*g**2 + g - 3. Suppose -5*h + 3*h = -5*q - 23, -5*h - 3*q = -11. Give t(h).
1
Let n(p) = -10*p + 9. Let w(a) = 3*a - 3. Let m(i) = 2*n(i) + 7*w(i). Let z(f) = -f**3 - f**2 - 3*f - 5. Let k be z(-2). Give m(k).
2
Let j(i) = -2 + 3 - i**3 + 2*i - 4. Give j(2).
-7
Let u(v) = -v**3 + v**2 + 4*v - 1. Suppose -15 = w + 5*l, w - 2*w + 3*l + 25 = 0. Let n be (-2)/(w/(-6) + 1). What is u(n)?
-7
Suppose 3*m - 4*s = 19, -5*m + 43 = -4*s + 3*s. Let w(p) = p**3 - 10*p**2 + 11*p - 9. Determine w(m).
9
Let f(v) = 3*v + 23. Let p(k) = k + 8. Let n(g) = -6*f(g) + 17*p(g). Give n(-5).
3
Suppose 2 = 5*d + 12. Let i = d + 5. Let f(k) = 4*k**2 + 8*k**2 + 12*k**2 + 5*k - 25*k**2. What is f(i)?
6
Suppose 5*k - 4 = 6. Let u(q) = -4*q**2 + 9*q**k - 3 + 2. What is u(1)?
4
Let d(h) = h**3 + 4*h**2 - 4. Let n be d(-3). Let w(u) be the third derivative of 0 - 2*u**2 - 1/20*u**n - 1/6*u**3 - 1/12*u**4 + 0*u. What is w(-1)?
-2
Let n(x) = 4 + 9*x - 3*x**2 - 4*x + 3*x**2 + x**2. Suppose 2*s = -2*s + 40. Let l be 6/15 + (-54)/s. What is n(l)?
4
Suppose 0 = 4*p + 4. Let t(s) be the third derivative of -s**5/12 + s**4/12 + s**3/6 - 9*s**2. Give t(p).
-6
Let s(n) = 129*n + 22 - 263*n + 133*n - 4. What is s(0)?
18
Let f(l) = -l**2 - 2*l + 5. Suppose 4*q - d = 1 + 2, -2*q = 2*d + 6. Let z(y) = -y + 0 + 1 - 3 - 2. Let v be z(q). Calculate f(v).
-3
Let o be (-3)/1 - (-13 - -3). Let x(z) = -5*z + o*z - z + 7. Calculate x(6).
13
Let y(g) = -6*g + 42. Let d be y(8). Let w(c) = -c + 8. Determine w(d).
14
Suppose 0 = -3*b - 3*a - 9, -3*b + 0 = -3*a + 3. Let n be b + (2/1)/(-2). Let d(u) = -3*u - 2. Let s(m) = -3*m - 1. Let z(i) = 3*d